{"id":732,"date":"2024-07-23T15:42:39","date_gmt":"2024-07-23T13:42:39","guid":{"rendered":"https:\/\/www.lamaisondesesprits.com\/?page_id=732"},"modified":"2026-02-25T00:58:15","modified_gmt":"2026-02-24T23:58:15","slug":"livres","status":"publish","type":"page","link":"https:\/\/www.lamaisondesesprits.com\/index.php\/livres\/","title":{"rendered":"Nos Livres"},"content":{"rendered":"\n<div class=\"wp-block-cover\" style=\"min-height:359px;aspect-ratio:unset;\"><img fetchpriority=\"high\" decoding=\"async\" width=\"1024\" height=\"683\" class=\"wp-block-cover__image-background wp-image-2139 size-large\" alt=\"\" src=\"https:\/\/www.lamaisondesesprits.com\/wp-content\/uploads\/2026\/02\/livres-1024x683.png\" data-object-fit=\"cover\" srcset=\"https:\/\/www.lamaisondesesprits.com\/wp-content\/uploads\/2026\/02\/livres-1024x683.png 1024w, https:\/\/www.lamaisondesesprits.com\/wp-content\/uploads\/2026\/02\/livres-300x200.png 300w, https:\/\/www.lamaisondesesprits.com\/wp-content\/uploads\/2026\/02\/livres-768x512.png 768w, https:\/\/www.lamaisondesesprits.com\/wp-content\/uploads\/2026\/02\/livres.png 1536w\" sizes=\"(max-width: 706px) 89vw, (max-width: 767px) 82vw, 740px\" \/><span aria-hidden=\"true\" class=\"wp-block-cover__background has-background-dim\" style=\"background-color:#955322\"><\/span><div class=\"wp-block-cover__inner-container is-layout-constrained wp-block-cover-is-layout-constrained\">\n<p class=\"has-text-align-center has-large-font-size\"><\/p>\n<\/div><\/div>\n\n\n\n<p class=\"has-text-align-center\">La Maison des Esprits aime transmettre ses exp\u00e9riences et ses t\u00e9moignages. Nous avons pour projet d&#8217;\u00e9crire de nombreux ouvrages qui seront disponible \u00e0 la vente sur Amazon. <\/p>\n\n\n\n<p><\/p>\n\n\n\n<div class=\"wp-block-media-text is-stacked-on-mobile\"><figure class=\"wp-block-media-text__media\"><a href=\"https:\/\/amzn.eu\/d\/0iupCRjO\"><img decoding=\"async\" width=\"334\" height=\"500\" src=\"https:\/\/www.lamaisondesesprits.com\/wp-content\/uploads\/2026\/02\/paris-sang-lumiere.bmp\" alt=\"\" class=\"wp-image-2281 size-full\" srcset=\"https:\/\/www.lamaisondesesprits.com\/wp-content\/uploads\/2026\/02\/paris-sang-lumiere.bmp 334w, https:\/\/www.lamaisondesesprits.com\/wp-content\/uploads\/2026\/02\/paris-sang-lumiere-200x300.jpg 200w\" sizes=\"(max-width: 334px) 100vw, 334px\" \/><\/a><\/figure><div class=\"wp-block-media-text__content\">\n<p class=\"has-text-align-center\"><strong>PARIS VILLE SANG LUMIERE<\/strong><\/p>\n\n\n\n<p class=\"has-text-align-center\">Ce premier ouvrage est un t\u00e9moignage de Fabien qui nous d\u00e9crit l&#8217;une des plus grosses attaques \u00e9nerg\u00e9tiques qu&#8217;il ai subit au d\u00e9but de son parcours. A l&#8217;\u00e9poque il n&#8217;\u00e9tait pas encore capable de se d\u00e9fendre, il se trouvait bien loin de son niveau actuel. Aujourd&#8217;hui il revient avec \u00e9motion sur l&#8217;une des nuits les plus angoissantes de sa vie.<\/p>\n\n\n\n<p>Ici sur Amazon: <a href=\"https:\/\/amzn.eu\/d\/0iupCRjO\">https:\/\/amzn.eu\/d\/0iupCRjO<\/a><\/p>\n\n\n\n<p><\/p>\n<\/div><\/div>\n\n\n\n<h2 class=\"wp-block-heading\"><\/h2>\n\n\n\n<div class=\"wp-block-media-text has-media-on-the-right is-stacked-on-mobile\"><div class=\"wp-block-media-text__content\">\n<p class=\"has-text-align-center\"><strong>DU CORPS A L&#8217;AME &#8211; aux origines du souffle de vie<\/strong><\/p>\n\n\n\n<p class=\"has-text-align-center\">Cet ouvrage est le premier de la s\u00e9rie MEDIUM. De la naissance de la mati\u00e8re jusqu&#8217;aux myst\u00e8res de l&#8217;\u00e2me, ce livre vous invite \u00e0 un voyage unique, au c\u0153ur des origines de la vie. <\/p>\n\n\n\n<p class=\"has-text-align-center\">Ce guide vous conduira vers une compr\u00e9hension profonde de votre propre origine, depuis les origines de l&#8217;\u00e2me, la naissance des Anges et des Etres Ascensionn\u00e9s. Mais il vous expliquera \u00e9galement la naissance et la nature des diff\u00e9rents Etres Energ\u00e9tiques qui partagent le monde avec nous. <\/p>\n\n\n\n<p class=\"has-text-align-center\">Cet ouvrage atypique vous expliquera ce qu&#8217;aucun autre ne vous a expliqu\u00e9. Il n&#8217;est le fruit d&#8217;aucun courant de croyance, mais bel et bien un t\u00e9moignage de nos connections et de nos d\u00e9couvertes. Cet ouvrage est un excellent appui pour nos (futurs) \u00e9tudiants.<\/p>\n\n\n\n<p>Ici sur Amazon: <a href=\"https:\/\/amzn.eu\/d\/0e2mgkCH\">https:\/\/amzn.eu\/d\/0e2mgkCH<\/a><\/p>\n<\/div><figure class=\"wp-block-media-text__media\"><a href=\"https:\/\/amzn.eu\/d\/0e2mgkCH\"><img decoding=\"async\" width=\"771\" height=\"1024\" src=\"http:\/\/www.lamaisondesesprits.com\/wp-content\/uploads\/2025\/09\/image-771x1024.png\" alt=\"\" class=\"wp-image-1623 size-full\" srcset=\"https:\/\/www.lamaisondesesprits.com\/wp-content\/uploads\/2025\/09\/image-771x1024.png 771w, https:\/\/www.lamaisondesesprits.com\/wp-content\/uploads\/2025\/09\/image-226x300.png 226w, https:\/\/www.lamaisondesesprits.com\/wp-content\/uploads\/2025\/09\/image-768x1021.png 768w, https:\/\/www.lamaisondesesprits.com\/wp-content\/uploads\/2025\/09\/image.png 1000w\" sizes=\"(max-width: 706px) 89vw, (max-width: 767px) 82vw, 740px\" \/><\/a><\/figure><\/div>\n\n\n\n<div class=\"wp-block-columns is-layout-flex wp-container-core-columns-is-layout-9d6595d7 wp-block-columns-is-layout-flex\">\n<div class=\"wp-block-column is-layout-flow wp-block-column-is-layout-flow\"><\/div>\n\n\n\n<div class=\"wp-block-column is-layout-flow wp-block-column-is-layout-flow\"><\/div>\n<\/div>\n","protected":false},"excerpt":{"rendered":"<p>La Maison des Esprits aime transmettre ses exp\u00e9riences et ses t\u00e9moignages. Nous avons pour projet d&#8217;\u00e9crire de nombreux ouvrages qui seront disponible \u00e0 la vente sur Amazon. PARIS VILLE SANG LUMIERE Ce premier ouvrage est un t\u00e9moignage de Fabien qui nous d\u00e9crit l&#8217;une des plus grosses attaques \u00e9nerg\u00e9tiques qu&#8217;il ai subit au d\u00e9but de son &hellip; <\/p>\n<p class=\"link-more\"><a href=\"https:\/\/www.lamaisondesesprits.com\/index.php\/livres\/\" class=\"more-link\">Continuer la lecture<span class=\"screen-reader-text\"> de &laquo;&nbsp;Nos Livres&nbsp;&raquo;<\/span><\/a><\/p>\n","protected":false},"author":1,"featured_media":0,"parent":0,"menu_order":0,"comment_status":"closed","ping_status":"closed","template":"","meta":{"footnotes":""},"class_list":["post-732","page","type-page","status-publish","hentry"],"yoast_head":"<!-- This site is optimized with the Yoast SEO plugin v23.4 - https:\/\/yoast.com\/wordpress\/plugins\/seo\/ -->\n<title>Nos Livres - La maison des Esprits<\/title>\n<meta name=\"robots\" content=\"index, follow, max-snippet:-1, max-image-preview:large, max-video-preview:-1\" \/>\n<link rel=\"canonical\" href=\"https:\/\/www.lamaisondesesprits.com\/index.php\/livres\/\" \/>\n<meta property=\"og:locale\" content=\"fr_FR\" \/>\n<meta property=\"og:type\" content=\"article\" \/>\n<meta property=\"og:title\" content=\"Nos Livres - La maison des Esprits\" \/>\n<meta property=\"og:description\" content=\"La Maison des Esprits aime transmettre ses exp\u00e9riences et ses t\u00e9moignages. Nous avons pour projet d&#8217;\u00e9crire de nombreux ouvrages qui seront disponible \u00e0 la vente sur Amazon. PARIS VILLE SANG LUMIERE Ce premier ouvrage est un t\u00e9moignage de Fabien qui nous d\u00e9crit l&#8217;une des plus grosses attaques \u00e9nerg\u00e9tiques qu&#8217;il ai subit au d\u00e9but de son &hellip; Continuer la lecture de &laquo;&nbsp;Nos Livres&nbsp;&raquo;\" \/>\n<meta property=\"og:url\" content=\"https:\/\/www.lamaisondesesprits.com\/index.php\/livres\/\" \/>\n<meta property=\"og:site_name\" content=\"La maison des Esprits\" \/>\n<meta property=\"article:publisher\" content=\"https:\/\/www.facebook.com\/profile.php?id=61556472309041\" \/>\n<meta property=\"article:modified_time\" content=\"2026-02-24T23:58:15+00:00\" \/>\n<meta property=\"og:image\" content=\"https:\/\/www.lamaisondesesprits.com\/wp-content\/uploads\/2026\/02\/livres-1024x683.png\" \/>\n<meta name=\"twitter:card\" content=\"summary_large_image\" \/>\n<meta name=\"twitter:label1\" content=\"Dur\u00e9e de lecture estim\u00e9e\" \/>\n\t<meta name=\"twitter:data1\" content=\"2 minutes\" \/>\n<script type=\"application\/ld+json\" class=\"yoast-schema-graph\">{\"@context\":\"https:\/\/schema.org\",\"@graph\":[{\"@type\":\"WebPage\",\"@id\":\"https:\/\/www.lamaisondesesprits.com\/index.php\/livres\/\",\"url\":\"https:\/\/www.lamaisondesesprits.com\/index.php\/livres\/\",\"name\":\"Nos Livres - La maison des Esprits\",\"isPartOf\":{\"@id\":\"https:\/\/www.lamaisondesesprits.com\/#website\"},\"primaryImageOfPage\":{\"@id\":\"https:\/\/www.lamaisondesesprits.com\/index.php\/livres\/#primaryimage\"},\"image\":{\"@id\":\"https:\/\/www.lamaisondesesprits.com\/index.php\/livres\/#primaryimage\"},\"thumbnailUrl\":\"https:\/\/www.lamaisondesesprits.com\/wp-content\/uploads\/2026\/02\/livres-1024x683.png\",\"datePublished\":\"2024-07-23T13:42:39+00:00\",\"dateModified\":\"2026-02-24T23:58:15+00:00\",\"breadcrumb\":{\"@id\":\"https:\/\/www.lamaisondesesprits.com\/index.php\/livres\/#breadcrumb\"},\"inLanguage\":\"fr-FR\",\"potentialAction\":[{\"@type\":\"ReadAction\",\"target\":[\"https:\/\/www.lamaisondesesprits.com\/index.php\/livres\/\"]}]},{\"@type\":\"ImageObject\",\"inLanguage\":\"fr-FR\",\"@id\":\"https:\/\/www.lamaisondesesprits.com\/index.php\/livres\/#primaryimage\",\"url\":\"https:\/\/www.lamaisondesesprits.com\/wp-content\/uploads\/2026\/02\/livres.png\",\"contentUrl\":\"https:\/\/www.lamaisondesesprits.com\/wp-content\/uploads\/2026\/02\/livres.png\",\"width\":1536,\"height\":1024},{\"@type\":\"BreadcrumbList\",\"@id\":\"https:\/\/www.lamaisondesesprits.com\/index.php\/livres\/#breadcrumb\",\"itemListElement\":[{\"@type\":\"ListItem\",\"position\":1,\"name\":\"Accueil\",\"item\":\"https:\/\/www.lamaisondesesprits.com\/\"},{\"@type\":\"ListItem\",\"position\":2,\"name\":\"Nos Livres\"}]},{\"@type\":\"WebSite\",\"@id\":\"https:\/\/www.lamaisondesesprits.com\/#website\",\"url\":\"https:\/\/www.lamaisondesesprits.com\/\",\"name\":\"La maison des Esprits\",\"description\":\"&quot; Vous \u00eates au bon endroit &quot;\",\"potentialAction\":[{\"@type\":\"SearchAction\",\"target\":{\"@type\":\"EntryPoint\",\"urlTemplate\":\"https:\/\/www.lamaisondesesprits.com\/?s={search_term_string}\"},\"query-input\":{\"@type\":\"PropertyValueSpecification\",\"valueRequired\":true,\"valueName\":\"search_term_string\"}}],\"inLanguage\":\"fr-FR\"}]}<\/script>\n<!-- \/ Yoast SEO plugin. -->","yoast_head_json":{"title":"Nos Livres - La maison des Esprits","robots":{"index":"index","follow":"follow","max-snippet":"max-snippet:-1","max-image-preview":"max-image-preview:large","max-video-preview":"max-video-preview:-1"},"canonical":"https:\/\/www.lamaisondesesprits.com\/index.php\/livres\/","og_locale":"fr_FR","og_type":"article","og_title":"Nos Livres - La maison des Esprits","og_description":"La Maison des Esprits aime transmettre ses exp\u00e9riences et ses t\u00e9moignages. Nous avons pour projet d&#8217;\u00e9crire de nombreux ouvrages qui seront disponible \u00e0 la vente sur Amazon. PARIS VILLE SANG LUMIERE Ce premier ouvrage est un t\u00e9moignage de Fabien qui nous d\u00e9crit l&#8217;une des plus grosses attaques \u00e9nerg\u00e9tiques qu&#8217;il ai subit au d\u00e9but de son &hellip; Continuer la lecture de &laquo;&nbsp;Nos Livres&nbsp;&raquo;","og_url":"https:\/\/www.lamaisondesesprits.com\/index.php\/livres\/","og_site_name":"La maison des Esprits","article_publisher":"https:\/\/www.facebook.com\/profile.php?id=61556472309041","article_modified_time":"2026-02-24T23:58:15+00:00","og_image":[{"url":"https:\/\/www.lamaisondesesprits.com\/wp-content\/uploads\/2026\/02\/livres-1024x683.png"}],"twitter_card":"summary_large_image","twitter_misc":{"Dur\u00e9e de lecture estim\u00e9e":"2 minutes"},"schema":{"@context":"https:\/\/schema.org","@graph":[{"@type":"WebPage","@id":"https:\/\/www.lamaisondesesprits.com\/index.php\/livres\/","url":"https:\/\/www.lamaisondesesprits.com\/index.php\/livres\/","name":"Nos Livres - La maison des Esprits","isPartOf":{"@id":"https:\/\/www.lamaisondesesprits.com\/#website"},"primaryImageOfPage":{"@id":"https:\/\/www.lamaisondesesprits.com\/index.php\/livres\/#primaryimage"},"image":{"@id":"https:\/\/www.lamaisondesesprits.com\/index.php\/livres\/#primaryimage"},"thumbnailUrl":"https:\/\/www.lamaisondesesprits.com\/wp-content\/uploads\/2026\/02\/livres-1024x683.png","datePublished":"2024-07-23T13:42:39+00:00","dateModified":"2026-02-24T23:58:15+00:00","breadcrumb":{"@id":"https:\/\/www.lamaisondesesprits.com\/index.php\/livres\/#breadcrumb"},"inLanguage":"fr-FR","potentialAction":[{"@type":"ReadAction","target":["https:\/\/www.lamaisondesesprits.com\/index.php\/livres\/"]}]},{"@type":"ImageObject","inLanguage":"fr-FR","@id":"https:\/\/www.lamaisondesesprits.com\/index.php\/livres\/#primaryimage","url":"https:\/\/www.lamaisondesesprits.com\/wp-content\/uploads\/2026\/02\/livres.png","contentUrl":"https:\/\/www.lamaisondesesprits.com\/wp-content\/uploads\/2026\/02\/livres.png","width":1536,"height":1024},{"@type":"BreadcrumbList","@id":"https:\/\/www.lamaisondesesprits.com\/index.php\/livres\/#breadcrumb","itemListElement":[{"@type":"ListItem","position":1,"name":"Accueil","item":"https:\/\/www.lamaisondesesprits.com\/"},{"@type":"ListItem","position":2,"name":"Nos Livres"}]},{"@type":"WebSite","@id":"https:\/\/www.lamaisondesesprits.com\/#website","url":"https:\/\/www.lamaisondesesprits.com\/","name":"La maison des Esprits","description":"&quot; Vous \u00eates au bon endroit &quot;","potentialAction":[{"@type":"SearchAction","target":{"@type":"EntryPoint","urlTemplate":"https:\/\/www.lamaisondesesprits.com\/?s={search_term_string}"},"query-input":{"@type":"PropertyValueSpecification","valueRequired":true,"valueName":"search_term_string"}}],"inLanguage":"fr-FR"}]}},"_links":{"self":[{"href":"https:\/\/www.lamaisondesesprits.com\/index.php\/wp-json\/wp\/v2\/pages\/732","targetHints":{"allow":["GET"]}}],"collection":[{"href":"https:\/\/www.lamaisondesesprits.com\/index.php\/wp-json\/wp\/v2\/pages"}],"about":[{"href":"https:\/\/www.lamaisondesesprits.com\/index.php\/wp-json\/wp\/v2\/types\/page"}],"author":[{"embeddable":true,"href":"https:\/\/www.lamaisondesesprits.com\/index.php\/wp-json\/wp\/v2\/users\/1"}],"replies":[{"embeddable":true,"href":"https:\/\/www.lamaisondesesprits.com\/index.php\/wp-json\/wp\/v2\/comments?post=732"}],"version-history":[{"count":21,"href":"https:\/\/www.lamaisondesesprits.com\/index.php\/wp-json\/wp\/v2\/pages\/732\/revisions"}],"predecessor-version":[{"id":2282,"href":"https:\/\/www.lamaisondesesprits.com\/index.php\/wp-json\/wp\/v2\/pages\/732\/revisions\/2282"}],"wp:attachment":[{"href":"https:\/\/www.lamaisondesesprits.com\/index.php\/wp-json\/wp\/v2\/media?parent=732"}],"curies":[{"name":"wp","href":"https:\/\/api.w.org\/{rel}","templated":true}]}}