{"id":2452,"date":"2026-04-24T01:24:11","date_gmt":"2026-04-23T23:24:11","guid":{"rendered":"https:\/\/www.lamaisondesesprits.com\/?page_id=2452"},"modified":"2026-04-28T10:13:30","modified_gmt":"2026-04-28T08:13:30","slug":"cercle-ouvert-a-tous-nos-membres","status":"publish","type":"page","link":"https:\/\/www.lamaisondesesprits.com\/index.php\/cercle-ouvert-a-tous-nos-membres\/","title":{"rendered":"Cercle des membres enregistr\u00e9s"},"content":{"rendered":"<div><p>Merci de cr\u00e9er un compte ou de vous enregistrer pour avoir acc\u00e8s \u00e0 cette zone de partage et de communication ! ^^<\/p><\/div>\n\n<div class=\"wp-block-image\">\n<figure class=\"aligncenter size-large\"><a href=\"https:\/\/calendar.app.google\/oDaHPUCDywwbzpsE8\"><img fetchpriority=\"high\" decoding=\"async\" width=\"1024\" height=\"1024\" src=\"http:\/\/www.lamaisondesesprits.com\/wp-content\/uploads\/2026\/04\/bienvenue-1024x1024.png\" alt=\"\" class=\"wp-image-2513\" srcset=\"https:\/\/www.lamaisondesesprits.com\/wp-content\/uploads\/2026\/04\/bienvenue-1024x1024.png 1024w, https:\/\/www.lamaisondesesprits.com\/wp-content\/uploads\/2026\/04\/bienvenue-300x300.png 300w, https:\/\/www.lamaisondesesprits.com\/wp-content\/uploads\/2026\/04\/bienvenue-150x150.png 150w, https:\/\/www.lamaisondesesprits.com\/wp-content\/uploads\/2026\/04\/bienvenue-768x768.png 768w, https:\/\/www.lamaisondesesprits.com\/wp-content\/uploads\/2026\/04\/bienvenue-100x100.png 100w, https:\/\/www.lamaisondesesprits.com\/wp-content\/uploads\/2026\/04\/bienvenue.png 1254w\" sizes=\"(max-width: 706px) 89vw, (max-width: 767px) 82vw, 740px\" \/><\/a><\/figure>\n<\/div>\n\n\n<p class=\"has-text-align-center\">&#8212; Charly, Echo notre mascotte et Fabien vous souhaitent la bienvenue ! &#8212;<\/p>\n\n\n\n<p>Pour profiter des fonctionna<\/p>\n\n\n\n<hr class=\"wp-block-separator has-alpha-channel-opacity\"\/>\n\n\n\n<p class=\"has-text-align-left\">Replay de notre exceptionnelle <strong>Soir\u00e9e EMI-OBE-Experiences extraordinaires 31 mars<\/strong>.<\/p>\n\n\n\n<p class=\"has-text-align-left\">Cette soir\u00e9e \u00e9tait initialement en comit\u00e9 restreint avec nos \u00e9tudiants mais nous avons d\u00e9cid\u00e9 de l&#8217;enregistrer et de la proposer en replay.<\/p>\n\n\n<div class=\"wp-block-image\">\n<figure class=\"aligncenter size-large is-resized\"><a href=\"https:\/\/www.lamaisondesesprits.com\/index.php\/soiree-speciale-emi-obe-experiences-extraordinaires\/\"><img decoding=\"async\" width=\"683\" height=\"1024\" src=\"http:\/\/www.lamaisondesesprits.com\/wp-content\/uploads\/2026\/03\/affiche-EMI-683x1024.png\" alt=\"\" class=\"wp-image-2326\" style=\"aspect-ratio:0.6669965363681346;width:167px;height:auto\" srcset=\"https:\/\/www.lamaisondesesprits.com\/wp-content\/uploads\/2026\/03\/affiche-EMI-683x1024.png 683w, https:\/\/www.lamaisondesesprits.com\/wp-content\/uploads\/2026\/03\/affiche-EMI-200x300.png 200w, https:\/\/www.lamaisondesesprits.com\/wp-content\/uploads\/2026\/03\/affiche-EMI-768x1152.png 768w, https:\/\/www.lamaisondesesprits.com\/wp-content\/uploads\/2026\/03\/affiche-EMI.png 1024w\" sizes=\"(max-width: 683px) 100vw, 683px\" \/><\/a><\/figure>\n<\/div>\n\n\n<p class=\"has-text-align-center\"><\/p>\n\n\n\n<hr class=\"wp-block-separator has-alpha-channel-opacity\"\/>\n\n\n\n<p class=\"has-text-align-center\">Prochains \u00e9v\u00e8nements (\u00e9v\u00e8nement gratuits pour les membres \u00e0 partir de contributeurs)<\/p>\n\n\n\n<figure class=\"wp-block-gallery has-nested-images columns-default is-cropped wp-block-gallery-1 is-layout-flex wp-block-gallery-is-layout-flex\">\n<figure class=\"wp-block-image size-large\"><img decoding=\"async\" width=\"683\" height=\"1024\" data-id=\"2475\" src=\"https:\/\/www.lamaisondesesprits.com\/wp-content\/uploads\/2026\/04\/672687335_122175482954757196_6129143994351676164_n-683x1024.jpg\" alt=\"\" class=\"wp-image-2475\" srcset=\"https:\/\/www.lamaisondesesprits.com\/wp-content\/uploads\/2026\/04\/672687335_122175482954757196_6129143994351676164_n-683x1024.jpg 683w, https:\/\/www.lamaisondesesprits.com\/wp-content\/uploads\/2026\/04\/672687335_122175482954757196_6129143994351676164_n-200x300.jpg 200w, https:\/\/www.lamaisondesesprits.com\/wp-content\/uploads\/2026\/04\/672687335_122175482954757196_6129143994351676164_n-768x1152.jpg 768w, https:\/\/www.lamaisondesesprits.com\/wp-content\/uploads\/2026\/04\/672687335_122175482954757196_6129143994351676164_n.jpg 1024w\" sizes=\"(max-width: 683px) 100vw, 683px\" \/><\/figure>\n\n\n\n<figure class=\"wp-block-image size-large\"><img loading=\"lazy\" decoding=\"async\" width=\"683\" height=\"1024\" data-id=\"2476\" src=\"https:\/\/www.lamaisondesesprits.com\/wp-content\/uploads\/2026\/04\/meditation-feu-interieur-683x1024.png\" alt=\"\" class=\"wp-image-2476\" srcset=\"https:\/\/www.lamaisondesesprits.com\/wp-content\/uploads\/2026\/04\/meditation-feu-interieur-683x1024.png 683w, https:\/\/www.lamaisondesesprits.com\/wp-content\/uploads\/2026\/04\/meditation-feu-interieur-200x300.png 200w, https:\/\/www.lamaisondesesprits.com\/wp-content\/uploads\/2026\/04\/meditation-feu-interieur-768x1152.png 768w, https:\/\/www.lamaisondesesprits.com\/wp-content\/uploads\/2026\/04\/meditation-feu-interieur.png 1024w\" sizes=\"(max-width: 683px) 100vw, 683px\" \/><\/figure>\n<\/figure>\n\n\n\n<p>Pour toute inscription un seul num\u00e9ro : Fabien au 0782343438.<\/p>\n\n\n\n<p>Gratuit pour les membres contributeurs, contribution de 5\u20ac demand\u00e9e sinon.<\/p>\n\n\n\n<p>Mais au fait c&#8217;est quoi, une m\u00e9ditation guid\u00e9e ?<\/p>\n\n\n\n<figure class=\"wp-block-video\"><video height=\"1080\" style=\"aspect-ratio: 1920 \/ 1080;\" width=\"1920\" controls src=\"http:\/\/www.lamaisondesesprits.com\/wp-content\/uploads\/2026\/04\/MEDITATION-MdE-La-Prairie-aux-deux-chemins.mp4\"><\/video><\/figure>\n\n\n\n<p class=\"has-text-align-center\">Exemple enregistr\u00e9 par Charly<\/p>\n\n\n<div><p>Merci de cr\u00e9er un compte ou de vous enregistrer pour avoir acc\u00e8s \u00e0 cette zone de partage et de communication ! ^^<\/p><\/div>\n\n\n<p>Le saviez vous ? Vous pouvez nous soumettre des articles qui seront examin\u00e9s par notre \u00e9quipe d&#8217;administrateurs et peut \u00eatre valid\u00e9s et int\u00e9gr\u00e9s ! (<a href=\"https:\/\/www.lamaisondesesprits.com\/index.php\/proposer-un-article\/\">proposer un article ici<\/a>)<\/p>\n\n\n\n<p><\/p>\n","protected":false},"excerpt":{"rendered":"<p>Merci de cr\u00e9er un compte ou de vous enregistrer pour avoir acc\u00e8s \u00e0 cette zone de partage et de communication ! ^^ &#8212; Charly, Echo notre mascotte et Fabien vous souhaitent la bienvenue ! &#8212; Pour profiter des fonctionna Replay de notre exceptionnelle Soir\u00e9e EMI-OBE-Experiences extraordinaires 31 mars. Cette soir\u00e9e \u00e9tait initialement en comit\u00e9 restreint &hellip; <\/p>\n<p class=\"link-more\"><a href=\"https:\/\/www.lamaisondesesprits.com\/index.php\/cercle-ouvert-a-tous-nos-membres\/\" class=\"more-link\">Continuer la lecture<span class=\"screen-reader-text\"> de &laquo;&nbsp;Cercle des membres enregistr\u00e9s&nbsp;&raquo;<\/span><\/a><\/p>\n","protected":false},"author":1,"featured_media":0,"parent":0,"menu_order":0,"comment_status":"closed","ping_status":"closed","template":"","meta":{"footnotes":""},"class_list":["post-2452","page","type-page","status-publish","hentry"],"yoast_head":"<!-- This site is optimized with the Yoast SEO plugin v23.4 - https:\/\/yoast.com\/wordpress\/plugins\/seo\/ -->\n<title>Cercle des membres enregistr\u00e9s - La maison des Esprits<\/title>\n<meta name=\"robots\" content=\"index, follow, max-snippet:-1, max-image-preview:large, max-video-preview:-1\" \/>\n<link rel=\"canonical\" href=\"https:\/\/www.lamaisondesesprits.com\/index.php\/cercle-ouvert-a-tous-nos-membres\/\" \/>\n<meta property=\"og:locale\" content=\"fr_FR\" \/>\n<meta property=\"og:type\" content=\"article\" \/>\n<meta property=\"og:title\" content=\"Cercle des membres enregistr\u00e9s - La maison des Esprits\" \/>\n<meta property=\"og:description\" content=\"Merci de cr\u00e9er un compte ou de vous enregistrer pour avoir acc\u00e8s \u00e0 cette zone de partage et de communication ! ^^ &#8212; Charly, Echo notre mascotte et Fabien vous souhaitent la bienvenue ! &#8212; Pour profiter des fonctionna Replay de notre exceptionnelle Soir\u00e9e EMI-OBE-Experiences extraordinaires 31 mars. Cette soir\u00e9e \u00e9tait initialement en comit\u00e9 restreint &hellip; Continuer la lecture de &laquo;&nbsp;Cercle des membres enregistr\u00e9s&nbsp;&raquo;\" \/>\n<meta property=\"og:url\" content=\"https:\/\/www.lamaisondesesprits.com\/index.php\/cercle-ouvert-a-tous-nos-membres\/\" \/>\n<meta property=\"og:site_name\" content=\"La maison des Esprits\" \/>\n<meta property=\"article:publisher\" content=\"https:\/\/www.facebook.com\/profile.php?id=61556472309041\" \/>\n<meta property=\"article:modified_time\" content=\"2026-04-28T08:13:30+00:00\" \/>\n<meta property=\"og:image\" content=\"http:\/\/www.lamaisondesesprits.com\/wp-content\/uploads\/2026\/04\/bienvenue-1024x1024.png\" \/>\n<meta name=\"twitter:card\" content=\"summary_large_image\" \/>\n<meta name=\"twitter:label1\" content=\"Dur\u00e9e de lecture estim\u00e9e\" \/>\n\t<meta name=\"twitter:data1\" content=\"2 minutes\" \/>\n<script type=\"application\/ld+json\" class=\"yoast-schema-graph\">{\"@context\":\"https:\/\/schema.org\",\"@graph\":[{\"@type\":\"WebPage\",\"@id\":\"https:\/\/www.lamaisondesesprits.com\/index.php\/cercle-ouvert-a-tous-nos-membres\/\",\"url\":\"https:\/\/www.lamaisondesesprits.com\/index.php\/cercle-ouvert-a-tous-nos-membres\/\",\"name\":\"Cercle des membres enregistr\u00e9s - La maison des Esprits\",\"isPartOf\":{\"@id\":\"https:\/\/www.lamaisondesesprits.com\/#website\"},\"primaryImageOfPage\":{\"@id\":\"https:\/\/www.lamaisondesesprits.com\/index.php\/cercle-ouvert-a-tous-nos-membres\/#primaryimage\"},\"image\":{\"@id\":\"https:\/\/www.lamaisondesesprits.com\/index.php\/cercle-ouvert-a-tous-nos-membres\/#primaryimage\"},\"thumbnailUrl\":\"http:\/\/www.lamaisondesesprits.com\/wp-content\/uploads\/2026\/04\/bienvenue-1024x1024.png\",\"datePublished\":\"2026-04-23T23:24:11+00:00\",\"dateModified\":\"2026-04-28T08:13:30+00:00\",\"breadcrumb\":{\"@id\":\"https:\/\/www.lamaisondesesprits.com\/index.php\/cercle-ouvert-a-tous-nos-membres\/#breadcrumb\"},\"inLanguage\":\"fr-FR\",\"potentialAction\":[{\"@type\":\"ReadAction\",\"target\":[\"https:\/\/www.lamaisondesesprits.com\/index.php\/cercle-ouvert-a-tous-nos-membres\/\"]}]},{\"@type\":\"ImageObject\",\"inLanguage\":\"fr-FR\",\"@id\":\"https:\/\/www.lamaisondesesprits.com\/index.php\/cercle-ouvert-a-tous-nos-membres\/#primaryimage\",\"url\":\"\",\"contentUrl\":\"\"},{\"@type\":\"BreadcrumbList\",\"@id\":\"https:\/\/www.lamaisondesesprits.com\/index.php\/cercle-ouvert-a-tous-nos-membres\/#breadcrumb\",\"itemListElement\":[{\"@type\":\"ListItem\",\"position\":1,\"name\":\"Accueil\",\"item\":\"https:\/\/www.lamaisondesesprits.com\/\"},{\"@type\":\"ListItem\",\"position\":2,\"name\":\"Cercle des membres enregistr\u00e9s\"}]},{\"@type\":\"WebSite\",\"@id\":\"https:\/\/www.lamaisondesesprits.com\/#website\",\"url\":\"https:\/\/www.lamaisondesesprits.com\/\",\"name\":\"La maison des Esprits\",\"description\":\"&quot; Vous \u00eates au bon endroit &quot;\",\"potentialAction\":[{\"@type\":\"SearchAction\",\"target\":{\"@type\":\"EntryPoint\",\"urlTemplate\":\"https:\/\/www.lamaisondesesprits.com\/?s={search_term_string}\"},\"query-input\":{\"@type\":\"PropertyValueSpecification\",\"valueRequired\":true,\"valueName\":\"search_term_string\"}}],\"inLanguage\":\"fr-FR\"}]}<\/script>\n<!-- \/ Yoast SEO plugin. -->","yoast_head_json":{"title":"Cercle des membres enregistr\u00e9s - La maison des Esprits","robots":{"index":"index","follow":"follow","max-snippet":"max-snippet:-1","max-image-preview":"max-image-preview:large","max-video-preview":"max-video-preview:-1"},"canonical":"https:\/\/www.lamaisondesesprits.com\/index.php\/cercle-ouvert-a-tous-nos-membres\/","og_locale":"fr_FR","og_type":"article","og_title":"Cercle des membres enregistr\u00e9s - La maison des Esprits","og_description":"Merci de cr\u00e9er un compte ou de vous enregistrer pour avoir acc\u00e8s \u00e0 cette zone de partage et de communication ! ^^ &#8212; Charly, Echo notre mascotte et Fabien vous souhaitent la bienvenue ! &#8212; Pour profiter des fonctionna Replay de notre exceptionnelle Soir\u00e9e EMI-OBE-Experiences extraordinaires 31 mars. Cette soir\u00e9e \u00e9tait initialement en comit\u00e9 restreint &hellip; Continuer la lecture de &laquo;&nbsp;Cercle des membres enregistr\u00e9s&nbsp;&raquo;","og_url":"https:\/\/www.lamaisondesesprits.com\/index.php\/cercle-ouvert-a-tous-nos-membres\/","og_site_name":"La maison des Esprits","article_publisher":"https:\/\/www.facebook.com\/profile.php?id=61556472309041","article_modified_time":"2026-04-28T08:13:30+00:00","og_image":[{"url":"http:\/\/www.lamaisondesesprits.com\/wp-content\/uploads\/2026\/04\/bienvenue-1024x1024.png"}],"twitter_card":"summary_large_image","twitter_misc":{"Dur\u00e9e de lecture estim\u00e9e":"2 minutes"},"schema":{"@context":"https:\/\/schema.org","@graph":[{"@type":"WebPage","@id":"https:\/\/www.lamaisondesesprits.com\/index.php\/cercle-ouvert-a-tous-nos-membres\/","url":"https:\/\/www.lamaisondesesprits.com\/index.php\/cercle-ouvert-a-tous-nos-membres\/","name":"Cercle des membres enregistr\u00e9s - La maison des Esprits","isPartOf":{"@id":"https:\/\/www.lamaisondesesprits.com\/#website"},"primaryImageOfPage":{"@id":"https:\/\/www.lamaisondesesprits.com\/index.php\/cercle-ouvert-a-tous-nos-membres\/#primaryimage"},"image":{"@id":"https:\/\/www.lamaisondesesprits.com\/index.php\/cercle-ouvert-a-tous-nos-membres\/#primaryimage"},"thumbnailUrl":"http:\/\/www.lamaisondesesprits.com\/wp-content\/uploads\/2026\/04\/bienvenue-1024x1024.png","datePublished":"2026-04-23T23:24:11+00:00","dateModified":"2026-04-28T08:13:30+00:00","breadcrumb":{"@id":"https:\/\/www.lamaisondesesprits.com\/index.php\/cercle-ouvert-a-tous-nos-membres\/#breadcrumb"},"inLanguage":"fr-FR","potentialAction":[{"@type":"ReadAction","target":["https:\/\/www.lamaisondesesprits.com\/index.php\/cercle-ouvert-a-tous-nos-membres\/"]}]},{"@type":"ImageObject","inLanguage":"fr-FR","@id":"https:\/\/www.lamaisondesesprits.com\/index.php\/cercle-ouvert-a-tous-nos-membres\/#primaryimage","url":"","contentUrl":""},{"@type":"BreadcrumbList","@id":"https:\/\/www.lamaisondesesprits.com\/index.php\/cercle-ouvert-a-tous-nos-membres\/#breadcrumb","itemListElement":[{"@type":"ListItem","position":1,"name":"Accueil","item":"https:\/\/www.lamaisondesesprits.com\/"},{"@type":"ListItem","position":2,"name":"Cercle des membres enregistr\u00e9s"}]},{"@type":"WebSite","@id":"https:\/\/www.lamaisondesesprits.com\/#website","url":"https:\/\/www.lamaisondesesprits.com\/","name":"La maison des Esprits","description":"&quot; Vous \u00eates au bon endroit &quot;","potentialAction":[{"@type":"SearchAction","target":{"@type":"EntryPoint","urlTemplate":"https:\/\/www.lamaisondesesprits.com\/?s={search_term_string}"},"query-input":{"@type":"PropertyValueSpecification","valueRequired":true,"valueName":"search_term_string"}}],"inLanguage":"fr-FR"}]}},"_links":{"self":[{"href":"https:\/\/www.lamaisondesesprits.com\/index.php\/wp-json\/wp\/v2\/pages\/2452","targetHints":{"allow":["GET"]}}],"collection":[{"href":"https:\/\/www.lamaisondesesprits.com\/index.php\/wp-json\/wp\/v2\/pages"}],"about":[{"href":"https:\/\/www.lamaisondesesprits.com\/index.php\/wp-json\/wp\/v2\/types\/page"}],"author":[{"embeddable":true,"href":"https:\/\/www.lamaisondesesprits.com\/index.php\/wp-json\/wp\/v2\/users\/1"}],"replies":[{"embeddable":true,"href":"https:\/\/www.lamaisondesesprits.com\/index.php\/wp-json\/wp\/v2\/comments?post=2452"}],"version-history":[{"count":50,"href":"https:\/\/www.lamaisondesesprits.com\/index.php\/wp-json\/wp\/v2\/pages\/2452\/revisions"}],"predecessor-version":[{"id":2566,"href":"https:\/\/www.lamaisondesesprits.com\/index.php\/wp-json\/wp\/v2\/pages\/2452\/revisions\/2566"}],"wp:attachment":[{"href":"https:\/\/www.lamaisondesesprits.com\/index.php\/wp-json\/wp\/v2\/media?parent=2452"}],"curies":[{"name":"wp","href":"https:\/\/api.w.org\/{rel}","templated":true}]}}