{"id":1092,"date":"2025-04-15T20:38:29","date_gmt":"2025-04-15T18:38:29","guid":{"rendered":"https:\/\/www.lamaisondesesprits.com\/?page_id=1092"},"modified":"2026-02-08T17:50:20","modified_gmt":"2026-02-08T16:50:20","slug":"alexandre","status":"publish","type":"page","link":"https:\/\/www.lamaisondesesprits.com\/index.php\/alexandre\/","title":{"rendered":"Alexandre"},"content":{"rendered":"<div class=\"wp-block-image\">\n<figure class=\"aligncenter size-full is-resized\"><img fetchpriority=\"high\" decoding=\"async\" width=\"994\" height=\"998\" src=\"https:\/\/www.lamaisondesesprits.com\/wp-content\/uploads\/2026\/02\/alexandre.jpeg\" alt=\"\" class=\"wp-image-2078\" style=\"aspect-ratio:0.9960432603534688;width:399px;height:auto\" srcset=\"https:\/\/www.lamaisondesesprits.com\/wp-content\/uploads\/2026\/02\/alexandre.jpeg 994w, https:\/\/www.lamaisondesesprits.com\/wp-content\/uploads\/2026\/02\/alexandre-300x300.jpeg 300w, https:\/\/www.lamaisondesesprits.com\/wp-content\/uploads\/2026\/02\/alexandre-150x150.jpeg 150w, https:\/\/www.lamaisondesesprits.com\/wp-content\/uploads\/2026\/02\/alexandre-768x771.jpeg 768w, https:\/\/www.lamaisondesesprits.com\/wp-content\/uploads\/2026\/02\/alexandre-100x100.jpeg 100w\" sizes=\"(max-width: 706px) 89vw, (max-width: 767px) 82vw, 740px\" \/><\/figure>\n<\/div>\n\n\n<h2 class=\"wp-block-heading has-text-align-center\">Alexandre est un formidable gu\u00e9risseur \u00e9nerg\u00e9tique qui vous accueille chez lui dans son espace de soin en Belgique (dans la ville de Trooz r\u00e9gion de Li\u00e8ge). Form\u00e9 et Certifi\u00e9 par la Maison des Esprits, Alexandre est capable de traiter toutes vos probl\u00e9matiques allant du soin \u00e9nerg\u00e9tique, en passant par le d\u00e9gagement d&#8217;entit\u00e9 jusqu&#8217;au traitement de la sorcellerie.<\/h2>\n\n\n\n<p>Promotion : GENESIS<\/p>\n\n\n\n<p>Localisation : Belgique<\/p>\n\n\n\n<p>Formations Maison des Esprits : Ancrage, Protection, Gu\u00e9risseur<\/p>\n\n\n\n<p>Sp\u00e9cialit\u00e9s : bilans, protection, soins \u00e9nerg\u00e9tiques, d\u00e9gagements<\/p>\n\n\n\n<p>Disponible pour les interventions \u00e0 distance et en pr\u00e9sentiel \u00e0 Trooz, r\u00e9gion de Li\u00e8ge (Belgique).<\/p>\n\n\n\n<h2 class=\"wp-block-heading has-text-align-center\">Vous pouvez joindre Alexandre directement au: 04 74 24 30 05 (Attention si vous \u00eates Fran\u00e7ais l&#8217;appel risque d&#8217;\u00eatre surtax\u00e9, passez pr\u00e9f\u00e9rentiellement par Facebook au besoin). <\/h2>\n\n\n\n<h2 class=\"wp-block-heading has-text-align-center\">Acc\u00e9dez \u00e0 son Faceboof: <a href=\"https:\/\/www.facebook.com\/share\/1BwkhHGGfa\/\">https:\/\/www.facebook.com\/share\/1BwkhHGGfa\/<\/a><\/h2>\n\n\n\n<p><\/p>\n","protected":false},"excerpt":{"rendered":"<p>Alexandre est un formidable gu\u00e9risseur \u00e9nerg\u00e9tique qui vous accueille chez lui dans son espace de soin en Belgique (dans la ville de Trooz r\u00e9gion de Li\u00e8ge). Form\u00e9 et Certifi\u00e9 par la Maison des Esprits, Alexandre est capable de traiter toutes vos probl\u00e9matiques allant du soin \u00e9nerg\u00e9tique, en passant par le d\u00e9gagement d&#8217;entit\u00e9 jusqu&#8217;au traitement de &hellip; <\/p>\n<p class=\"link-more\"><a href=\"https:\/\/www.lamaisondesesprits.com\/index.php\/alexandre\/\" class=\"more-link\">Continuer la lecture<span class=\"screen-reader-text\"> de &laquo;&nbsp;Alexandre&nbsp;&raquo;<\/span><\/a><\/p>\n","protected":false},"author":1,"featured_media":0,"parent":0,"menu_order":0,"comment_status":"closed","ping_status":"closed","template":"","meta":{"footnotes":""},"class_list":["post-1092","page","type-page","status-publish","hentry"],"yoast_head":"<!-- This site is optimized with the Yoast SEO plugin v23.4 - https:\/\/yoast.com\/wordpress\/plugins\/seo\/ -->\n<title>Alexandre - La maison des Esprits<\/title>\n<meta name=\"robots\" content=\"index, follow, max-snippet:-1, max-image-preview:large, max-video-preview:-1\" \/>\n<link rel=\"canonical\" href=\"https:\/\/www.lamaisondesesprits.com\/index.php\/alexandre\/\" \/>\n<meta property=\"og:locale\" content=\"fr_FR\" \/>\n<meta property=\"og:type\" content=\"article\" \/>\n<meta property=\"og:title\" content=\"Alexandre - La maison des Esprits\" \/>\n<meta property=\"og:description\" content=\"Alexandre est un formidable gu\u00e9risseur \u00e9nerg\u00e9tique qui vous accueille chez lui dans son espace de soin en Belgique (dans la ville de Trooz r\u00e9gion de Li\u00e8ge). Form\u00e9 et Certifi\u00e9 par la Maison des Esprits, Alexandre est capable de traiter toutes vos probl\u00e9matiques allant du soin \u00e9nerg\u00e9tique, en passant par le d\u00e9gagement d&#8217;entit\u00e9 jusqu&#8217;au traitement de &hellip; Continuer la lecture de &laquo;&nbsp;Alexandre&nbsp;&raquo;\" \/>\n<meta property=\"og:url\" content=\"https:\/\/www.lamaisondesesprits.com\/index.php\/alexandre\/\" \/>\n<meta property=\"og:site_name\" content=\"La maison des Esprits\" \/>\n<meta property=\"article:publisher\" content=\"https:\/\/www.facebook.com\/profile.php?id=61556472309041\" \/>\n<meta property=\"article:modified_time\" content=\"2026-02-08T16:50:20+00:00\" \/>\n<meta property=\"og:image\" content=\"https:\/\/www.lamaisondesesprits.com\/wp-content\/uploads\/2026\/02\/alexandre.jpeg\" \/>\n<meta name=\"twitter:card\" content=\"summary_large_image\" \/>\n<meta name=\"twitter:label1\" content=\"Dur\u00e9e de lecture estim\u00e9e\" \/>\n\t<meta name=\"twitter:data1\" content=\"1 minute\" \/>\n<script type=\"application\/ld+json\" class=\"yoast-schema-graph\">{\"@context\":\"https:\/\/schema.org\",\"@graph\":[{\"@type\":\"WebPage\",\"@id\":\"https:\/\/www.lamaisondesesprits.com\/index.php\/alexandre\/\",\"url\":\"https:\/\/www.lamaisondesesprits.com\/index.php\/alexandre\/\",\"name\":\"Alexandre - La maison des Esprits\",\"isPartOf\":{\"@id\":\"https:\/\/www.lamaisondesesprits.com\/#website\"},\"primaryImageOfPage\":{\"@id\":\"https:\/\/www.lamaisondesesprits.com\/index.php\/alexandre\/#primaryimage\"},\"image\":{\"@id\":\"https:\/\/www.lamaisondesesprits.com\/index.php\/alexandre\/#primaryimage\"},\"thumbnailUrl\":\"https:\/\/www.lamaisondesesprits.com\/wp-content\/uploads\/2026\/02\/alexandre.jpeg\",\"datePublished\":\"2025-04-15T18:38:29+00:00\",\"dateModified\":\"2026-02-08T16:50:20+00:00\",\"breadcrumb\":{\"@id\":\"https:\/\/www.lamaisondesesprits.com\/index.php\/alexandre\/#breadcrumb\"},\"inLanguage\":\"fr-FR\",\"potentialAction\":[{\"@type\":\"ReadAction\",\"target\":[\"https:\/\/www.lamaisondesesprits.com\/index.php\/alexandre\/\"]}]},{\"@type\":\"ImageObject\",\"inLanguage\":\"fr-FR\",\"@id\":\"https:\/\/www.lamaisondesesprits.com\/index.php\/alexandre\/#primaryimage\",\"url\":\"https:\/\/www.lamaisondesesprits.com\/wp-content\/uploads\/2026\/02\/alexandre.jpeg\",\"contentUrl\":\"https:\/\/www.lamaisondesesprits.com\/wp-content\/uploads\/2026\/02\/alexandre.jpeg\",\"width\":994,\"height\":998},{\"@type\":\"BreadcrumbList\",\"@id\":\"https:\/\/www.lamaisondesesprits.com\/index.php\/alexandre\/#breadcrumb\",\"itemListElement\":[{\"@type\":\"ListItem\",\"position\":1,\"name\":\"Accueil\",\"item\":\"https:\/\/www.lamaisondesesprits.com\/\"},{\"@type\":\"ListItem\",\"position\":2,\"name\":\"Alexandre\"}]},{\"@type\":\"WebSite\",\"@id\":\"https:\/\/www.lamaisondesesprits.com\/#website\",\"url\":\"https:\/\/www.lamaisondesesprits.com\/\",\"name\":\"La maison des Esprits\",\"description\":\"&quot; Vous \u00eates au bon endroit &quot;\",\"potentialAction\":[{\"@type\":\"SearchAction\",\"target\":{\"@type\":\"EntryPoint\",\"urlTemplate\":\"https:\/\/www.lamaisondesesprits.com\/?s={search_term_string}\"},\"query-input\":{\"@type\":\"PropertyValueSpecification\",\"valueRequired\":true,\"valueName\":\"search_term_string\"}}],\"inLanguage\":\"fr-FR\"}]}<\/script>\n<!-- \/ Yoast SEO plugin. -->","yoast_head_json":{"title":"Alexandre - La maison des Esprits","robots":{"index":"index","follow":"follow","max-snippet":"max-snippet:-1","max-image-preview":"max-image-preview:large","max-video-preview":"max-video-preview:-1"},"canonical":"https:\/\/www.lamaisondesesprits.com\/index.php\/alexandre\/","og_locale":"fr_FR","og_type":"article","og_title":"Alexandre - La maison des Esprits","og_description":"Alexandre est un formidable gu\u00e9risseur \u00e9nerg\u00e9tique qui vous accueille chez lui dans son espace de soin en Belgique (dans la ville de Trooz r\u00e9gion de Li\u00e8ge). Form\u00e9 et Certifi\u00e9 par la Maison des Esprits, Alexandre est capable de traiter toutes vos probl\u00e9matiques allant du soin \u00e9nerg\u00e9tique, en passant par le d\u00e9gagement d&#8217;entit\u00e9 jusqu&#8217;au traitement de &hellip; Continuer la lecture de &laquo;&nbsp;Alexandre&nbsp;&raquo;","og_url":"https:\/\/www.lamaisondesesprits.com\/index.php\/alexandre\/","og_site_name":"La maison des Esprits","article_publisher":"https:\/\/www.facebook.com\/profile.php?id=61556472309041","article_modified_time":"2026-02-08T16:50:20+00:00","og_image":[{"url":"https:\/\/www.lamaisondesesprits.com\/wp-content\/uploads\/2026\/02\/alexandre.jpeg"}],"twitter_card":"summary_large_image","twitter_misc":{"Dur\u00e9e de lecture estim\u00e9e":"1 minute"},"schema":{"@context":"https:\/\/schema.org","@graph":[{"@type":"WebPage","@id":"https:\/\/www.lamaisondesesprits.com\/index.php\/alexandre\/","url":"https:\/\/www.lamaisondesesprits.com\/index.php\/alexandre\/","name":"Alexandre - La maison des Esprits","isPartOf":{"@id":"https:\/\/www.lamaisondesesprits.com\/#website"},"primaryImageOfPage":{"@id":"https:\/\/www.lamaisondesesprits.com\/index.php\/alexandre\/#primaryimage"},"image":{"@id":"https:\/\/www.lamaisondesesprits.com\/index.php\/alexandre\/#primaryimage"},"thumbnailUrl":"https:\/\/www.lamaisondesesprits.com\/wp-content\/uploads\/2026\/02\/alexandre.jpeg","datePublished":"2025-04-15T18:38:29+00:00","dateModified":"2026-02-08T16:50:20+00:00","breadcrumb":{"@id":"https:\/\/www.lamaisondesesprits.com\/index.php\/alexandre\/#breadcrumb"},"inLanguage":"fr-FR","potentialAction":[{"@type":"ReadAction","target":["https:\/\/www.lamaisondesesprits.com\/index.php\/alexandre\/"]}]},{"@type":"ImageObject","inLanguage":"fr-FR","@id":"https:\/\/www.lamaisondesesprits.com\/index.php\/alexandre\/#primaryimage","url":"https:\/\/www.lamaisondesesprits.com\/wp-content\/uploads\/2026\/02\/alexandre.jpeg","contentUrl":"https:\/\/www.lamaisondesesprits.com\/wp-content\/uploads\/2026\/02\/alexandre.jpeg","width":994,"height":998},{"@type":"BreadcrumbList","@id":"https:\/\/www.lamaisondesesprits.com\/index.php\/alexandre\/#breadcrumb","itemListElement":[{"@type":"ListItem","position":1,"name":"Accueil","item":"https:\/\/www.lamaisondesesprits.com\/"},{"@type":"ListItem","position":2,"name":"Alexandre"}]},{"@type":"WebSite","@id":"https:\/\/www.lamaisondesesprits.com\/#website","url":"https:\/\/www.lamaisondesesprits.com\/","name":"La maison des Esprits","description":"&quot; Vous \u00eates au bon endroit &quot;","potentialAction":[{"@type":"SearchAction","target":{"@type":"EntryPoint","urlTemplate":"https:\/\/www.lamaisondesesprits.com\/?s={search_term_string}"},"query-input":{"@type":"PropertyValueSpecification","valueRequired":true,"valueName":"search_term_string"}}],"inLanguage":"fr-FR"}]}},"_links":{"self":[{"href":"https:\/\/www.lamaisondesesprits.com\/index.php\/wp-json\/wp\/v2\/pages\/1092","targetHints":{"allow":["GET"]}}],"collection":[{"href":"https:\/\/www.lamaisondesesprits.com\/index.php\/wp-json\/wp\/v2\/pages"}],"about":[{"href":"https:\/\/www.lamaisondesesprits.com\/index.php\/wp-json\/wp\/v2\/types\/page"}],"author":[{"embeddable":true,"href":"https:\/\/www.lamaisondesesprits.com\/index.php\/wp-json\/wp\/v2\/users\/1"}],"replies":[{"embeddable":true,"href":"https:\/\/www.lamaisondesesprits.com\/index.php\/wp-json\/wp\/v2\/comments?post=1092"}],"version-history":[{"count":11,"href":"https:\/\/www.lamaisondesesprits.com\/index.php\/wp-json\/wp\/v2\/pages\/1092\/revisions"}],"predecessor-version":[{"id":2079,"href":"https:\/\/www.lamaisondesesprits.com\/index.php\/wp-json\/wp\/v2\/pages\/1092\/revisions\/2079"}],"wp:attachment":[{"href":"https:\/\/www.lamaisondesesprits.com\/index.php\/wp-json\/wp\/v2\/media?parent=1092"}],"curies":[{"name":"wp","href":"https:\/\/api.w.org\/{rel}","templated":true}]}}